{"id":205851,"date":"2016-05-14T11:19:40","date_gmt":"2016-05-14T10:19:40","guid":{"rendered":"http:\/\/rusoch.fr\/files\/2016\/05\/membres-de-Jury-2016-avec-S\u00e9natrice-et-pr\u00e9sidente-de-N\u00e9nuphar.jpg"},"modified":"2016-05-14T11:19:40","modified_gmt":"2016-05-14T10:19:40","slug":"membres-de-jury-2016-avec-senatrice-et-presidente-de-nenuphar","status":"inherit","type":"attachment","link":"https:\/\/rusoch.fr\/fr\/cult\/konkurs-detskix-risunkov-narisuj-mne-mir-vo-francuzskom-senate.html\/attachment\/membres-de-jury-2016-avec-senatrice-et-presidente-de-nenuphar","title":{"rendered":"membres de Jury 2016 avec S\u00e9natrice et pr\u00e9sidente de N\u00e9nuphar"},"author":2,"comment_status":"open","ping_status":"closed","template":"","meta":[],"aioseo_notices":[],"description":{"rendered":"<p class=\"attachment\"><a href='https:\/\/rusoch.fr\/files\/2016\/05\/membres-de-Jury-2016-avec-S\u00e9natrice-et-pr\u00e9sidente-de-N\u00e9nuphar.jpg'><img width=\"568\" height=\"379\" src=\"https:\/\/rusoch.fr\/files\/2016\/05\/membres-de-Jury-2016-avec-S\u00e9natrice-et-pr\u00e9sidente-de-N\u00e9nuphar-568x379.jpg\" class=\"attachment-medium size-medium\" alt=\"\" loading=\"lazy\" srcset=\"https:\/\/rusoch.fr\/files\/2016\/05\/membres-de-Jury-2016-avec-S\u00e9natrice-et-pr\u00e9sidente-de-N\u00e9nuphar-568x379.jpg 568w, https:\/\/rusoch.fr\/files\/2016\/05\/membres-de-Jury-2016-avec-S\u00e9natrice-et-pr\u00e9sidente-de-N\u00e9nuphar-768x512.jpg 768w, https:\/\/rusoch.fr\/files\/2016\/05\/membres-de-Jury-2016-avec-S\u00e9natrice-et-pr\u00e9sidente-de-N\u00e9nuphar-600x400.jpg 600w, https:\/\/rusoch.fr\/files\/2016\/05\/membres-de-Jury-2016-avec-S\u00e9natrice-et-pr\u00e9sidente-de-N\u00e9nuphar.jpg 1000w\" sizes=\"(max-width: 568px) 100vw, 568px\" \/><\/a><\/p>\n"},"caption":{"rendered":"<br \/>\n"},"alt_text":"","media_type":"image","mime_type":"image\/jpeg","media_details":{"width":1000,"height":667,"file":"2016\/05\/membres-de-Jury-2016-avec-S\u00e9natrice-et-pr\u00e9sidente-de-N\u00e9nuphar.jpg","sizes":{"thumbnail":{"file":"membres-de-Jury-2016-avec-S\u00e9natrice-et-pr\u00e9sidente-de-N\u00e9nuphar-150x150.jpg","width":150,"height":150,"mime_type":"image\/jpeg","source_url":"https:\/\/rusoch.fr\/files\/2016\/05\/membres-de-Jury-2016-avec-S\u00e9natrice-et-pr\u00e9sidente-de-N\u00e9nuphar-150x150.jpg"},"medium":{"file":"membres-de-Jury-2016-avec-S\u00e9natrice-et-pr\u00e9sidente-de-N\u00e9nuphar-568x379.jpg","width":568,"height":379,"mime_type":"image\/jpeg","source_url":"https:\/\/rusoch.fr\/files\/2016\/05\/membres-de-Jury-2016-avec-S\u00e9natrice-et-pr\u00e9sidente-de-N\u00e9nuphar-568x379.jpg"},"medium_large":{"file":"membres-de-Jury-2016-avec-S\u00e9natrice-et-pr\u00e9sidente-de-N\u00e9nuphar-768x512.jpg","width":768,"height":512,"mime_type":"image\/jpeg","source_url":"https:\/\/rusoch.fr\/files\/2016\/05\/membres-de-Jury-2016-avec-S\u00e9natrice-et-pr\u00e9sidente-de-N\u00e9nuphar-768x512.jpg"},"large":{"file":"membres-de-Jury-2016-avec-S\u00e9natrice-et-pr\u00e9sidente-de-N\u00e9nuphar-600x400.jpg","width":600,"height":400,"mime_type":"image\/jpeg","source_url":"https:\/\/rusoch.fr\/files\/2016\/05\/membres-de-Jury-2016-avec-S\u00e9natrice-et-pr\u00e9sidente-de-N\u00e9nuphar-600x400.jpg"},"wysija-newsletters-max":{"file":"membres-de-Jury-2016-avec-S\u00e9natrice-et-pr\u00e9sidente-de-N\u00e9nuphar-600x400.jpg","width":600,"height":400,"mime_type":"image\/jpeg","source_url":"https:\/\/rusoch.fr\/files\/2016\/05\/membres-de-Jury-2016-avec-S\u00e9natrice-et-pr\u00e9sidente-de-N\u00e9nuphar-600x400.jpg"},"full":{"file":"membres-de-Jury-2016-avec-S\u00e9natrice-et-pr\u00e9sidente-de-N\u00e9nuphar.jpg","width":1000,"height":667,"mime_type":"image\/jpeg","source_url":"https:\/\/rusoch.fr\/files\/2016\/05\/membres-de-Jury-2016-avec-S\u00e9natrice-et-pr\u00e9sidente-de-N\u00e9nuphar.jpg"}},"image_meta":{"aperture":"2.8","credit":"","camera":"Canon EOS 7D","caption":"","created_timestamp":"1462987776","copyright":"","focal_length":"24","iso":"800","shutter_speed":"0.005","title":"","orientation":"1","keywords":[]}},"post":205849,"source_url":"https:\/\/rusoch.fr\/files\/2016\/05\/membres-de-Jury-2016-avec-S\u00e9natrice-et-pr\u00e9sidente-de-N\u00e9nuphar.jpg","_links":{"self":[{"href":"https:\/\/rusoch.fr\/fr\/wp-json\/wp\/v2\/media\/205851"}],"collection":[{"href":"https:\/\/rusoch.fr\/fr\/wp-json\/wp\/v2\/media"}],"about":[{"href":"https:\/\/rusoch.fr\/fr\/wp-json\/wp\/v2\/types\/attachment"}],"author":[{"embeddable":true,"href":"https:\/\/rusoch.fr\/fr\/wp-json\/wp\/v2\/users\/2"}],"replies":[{"embeddable":true,"href":"https:\/\/rusoch.fr\/fr\/wp-json\/wp\/v2\/comments?post=205851"}]}}

http://rusoch.fr/files/2016/05/membres-de-Jury-2016-avec-Sénatrice-et-présidente-de-Nénuphar.jpg

membres de Jury 2016 avec Sénatrice et présidente de Nénuphar

<p class="attachment"><a href='https://rusoch.fr/files/2016/05/membres-de-Jury-2016-avec-Sénatrice-et-présidente-de-Nénuphar.jpg'><img width="568" height="379" src="https://rusoch.fr/files/2016/05/membres-de-Jury-2016-avec-Sénatrice-et-présidente-de-Nénuphar-568x379.jpg" class="attachment-medium size-medium" alt="" loading="lazy" srcset="https://rusoch.fr/files/2016/05/membres-de-Jury-2016-avec-Sénatrice-et-présidente-de-Nénuphar-568x379.jpg 568w, https://rusoch.fr/files/2016/05/membres-de-Jury-2016-avec-Sénatrice-et-présidente-de-Nénuphar-768x512.jpg 768w, https://rusoch.fr/files/2016/05/membres-de-Jury-2016-avec-Sénatrice-et-présidente-de-Nénuphar-600x400.jpg 600w, https://rusoch.fr/files/2016/05/membres-de-Jury-2016-avec-Sénatrice-et-présidente-de-Nénuphar.jpg 1000w" sizes="(max-width: 568px) 100vw, 568px" /></a></p>

2016/05/membres-de-Jury-2016-avec-Sénatrice-et-présidente-de-Nénuphar.jpg

membres-de-Jury-2016-avec-Sénatrice-et-présidente-de-Nénuphar-150x150.jpg

https://rusoch.fr/files/2016/05/membres-de-Jury-2016-avec-Sénatrice-et-présidente-de-Nénuphar-150x150.jpg

membres-de-Jury-2016-avec-Sénatrice-et-présidente-de-Nénuphar-568x379.jpg

https://rusoch.fr/files/2016/05/membres-de-Jury-2016-avec-Sénatrice-et-présidente-de-Nénuphar-568x379.jpg

membres-de-Jury-2016-avec-Sénatrice-et-présidente-de-Nénuphar-768x512.jpg

https://rusoch.fr/files/2016/05/membres-de-Jury-2016-avec-Sénatrice-et-présidente-de-Nénuphar-768x512.jpg

membres-de-Jury-2016-avec-Sénatrice-et-présidente-de-Nénuphar-600x400.jpg

https://rusoch.fr/files/2016/05/membres-de-Jury-2016-avec-Sénatrice-et-présidente-de-Nénuphar-600x400.jpg

membres-de-Jury-2016-avec-Sénatrice-et-présidente-de-Nénuphar.jpg

https://rusoch.fr/files/2016/05/membres-de-Jury-2016-avec-Sénatrice-et-présidente-de-Nénuphar.jpg
